hat are the prime factors of g?
2, 3, 29
Let x = 71888 - 46763. List the prime factors of x.
3, 5, 67
Let t(u) = -63*u - 36. Let y(f) = -17*f + 149. Let k(a) = 6*a - 50. Let z(b) = -8*k(b) - 3*y(b). Let j be z(14). What are the prime factors of t(j)?
3, 31
Let o(j) be the third derivative of j**4/8 + 68*j**3/3 + j**2. Let r = 1826 - 1826. List the prime factors of o(r).
2, 17
Let d be -8 + 7 - 1*-1. Suppose d = -4*s + t - 5*t - 12, 5*s = 2*t + 6. Suppose s = -4*m + 12, 2*m = 5*c - 2*c - 87. List the prime factors of c.
31
Suppose 2*o = o + 5*i + 27, -4*i + 24 = 3*o. Suppose 714 = -6*x + o*x. Let l = -68 + x. What are the prime factors of l?
3, 17
Suppose 0 = 433*k - 11165411 - 5224505. What are the prime factors of k?
2, 9463
Let t(f) = 3*f**2 + 3*f - 5. Let y be t(-8). Suppose w = 4*m - y, 5*w = -2*m + 41 + 46. What are the prime factors of m?
41
Let q = 2794 + -1249. Let o = q + -921. Suppose -3*p - p = -o. List the prime factors of p.
2, 3, 13
Let z(x) = 6*x**2 + 10*x + 21. Let n(h) = 2*h. Let d be n(-5). List the prime factors of z(d).
521
Let g(h) = 272*h + 5302. List the prime factors of g(109).
2, 3, 5, 233
Let h(r) = -6*r + 93. Let t be h(16). Let q(o) = -130*o + 41. What are the prime factors of q(t)?
431
Let k(v) = v**3 + 4*v**2 - 8*v - 6. Let u be k(-5). Let y be 46/(u/2 + -4). Suppose 5*b - 5*s + y = 447, -2*b = -4*s - 142. List the prime factors of b.
71
Suppose 0 = 3*z + 27363 - 61452. What are the prime factors of z?
11, 1033
Suppose -2901608 = 228*h - 4600533 - 4694651. List the prime factors of h.
2, 7, 2003
What are the prime factors of (-2)/((52/156)/((-343)/3))?
2, 7
Let x(t) = -241*t - 114. List the prime factors of x(-38).
2, 7, 17, 19
Let s be (-5)/(-3*10) - (-356)/24. Suppose -22*d = -s*d - 2170. What are the prime factors of d?
2, 5, 31
Let h be 9*(1/7 - (-6882)/42). Let k = h + -654. List the prime factors of k.
2, 3, 137
Let s = 182 - 166. Suppose -23*r + 4837 = -s*r. List the prime factors of r.
691
Let b = -1755 - -688. Let x = -615 - b. What are the prime factors of x?
2, 113
Suppose -36 = 10*p - 22*p. Suppose -p*o = -2 - 4. Suppose 4*c + 284 + 30 = 2*z, o*z + 4*c = 314. List the prime factors of z.
157
Let w = 17028 - 11387. List the prime factors of w.
5641
Let j be -3*(-60)/(-9) - 4. Let h = j + 375. List the prime factors of h.
3, 13
List the prime factors of (32/24*104205/10)/2.
6947
Suppose 14*h - 12*h = 8. Suppose 5*m + 5*f = 365, 0 = h*m - f - 233 - 54. List the prime factors of m.
2, 3
Let z(a) = 2*a + 75. Let i(w) = -3*w - 18. Let b be i(-10). What are the prime factors of z(b)?
3, 11
Suppose 0 = -n, 2*n + 22 = -2*w + 96. Suppose -2*a = w*a - 75738. What are the prime factors of a?
2, 971
Suppose 5*f - 3143 = 1852. What are the prime factors of f?
3, 37
Suppose 12*t - 17*t = -1080. Suppose -o - 162 = -0*l - 3*l, t = 4*l + 3*o. List the prime factors of l.
2, 3
Let z = 26540 - 9686. What are the prime factors of z?
2, 3, 53
Let h(k) = -1188*k - 11287. List the prime factors of h(-12).
2969
Let s = 17699 - 9757. What are the prime factors of s?
2, 11, 19
Let q be -15*3/(-10)*4. Suppose 0 = q*x - 7*x - 4378. List the prime factors of x.
2, 199
Let h be -5 - (-2785 + (-11 - -4)). Suppose 3*o - 2*n = h, -n - 3*n = 12. List the prime factors of o.
3, 103
Let r = 6358 - 3536. What are the prime factors of r?
2, 17, 83
Let z(v) = 2*v**3 - 3*v**2 - 3*v - 8. Suppose -2*d + l = -13, -2*d = l - 5*l - 16. Let n be z(d). Let y = n + -173. List the prime factors of y.
5
Let r be (2 - -92) + (-5 - (1 - 5)). Suppose 2*d - 4*h = 418, -2*h - 719 = -4*d + r. List the prime factors of d.
3, 67
Suppose 0 = 4*d + 2*o + 167 - 2503, -d = -2*o - 579. What are the prime factors of d?
11, 53
Let g be (-4080)/(-153)*6/5. Suppose g*f + 15*f - 8366 = 0. List the prime factors of f.
2, 89
Suppose -53*c + 121 = -42*c. Suppose 6819 + 1431 = c*q. List the prime factors of q.
2, 3, 5
Suppose 10*x - 114 = -28*x. Suppose x*y - 637 = -3*c + 626, 0 = -5*y + c + 2099. What are the prime factors of y?
2, 3, 5, 7
Suppose -3*k = -r + 1157, -r - 5825 = -6*r - 5*k. Suppose g = -5*l + 4611, 4*g - r = 5*l - 5794. What are the prime factors of l?
13, 71
Suppose -5*j + 2*n + 1 = 0, -4*n + 6 = -71*j + 69*j. Let v(a) = 143*a + 1. Let h be v(-1). What are the prime factors of (h/4)/(j/(-2))?
71
Let x(b) = 10*b + 3. Suppose 5*u = 25, 0 = -3*i - 2*u + 4*u - 13. Let k(r) = -r + 1. Let a(j) = i*x(j) - 4*k(j). List the prime factors of a(-4).
17
Suppose -16 = 132*z - 134*z. Let l(p) = 35*p + 22. What are the prime factors of l(z)?
2, 151
Suppose 0 = -b + 87 - 93. List the prime factors of 34155/(-110)*1*b.
3, 23
Suppose 5*m - 109 = 171. Suppose 52*p + 2296 = m*p. What are the prime factors of p?
2, 7, 41
Suppose 0 = 4*u - 60 - 868. Let n = -174 - -67. Let o = u + n. List the prime factors of o.
5
Let w(b) = -2*b + 12 - 4*b**2 - 9 - 2. Let k be w(-3). Let a = 153 + k. List the prime factors of a.
2, 31
Suppose -r + 3*a = -27282, 2*a + 67 = 71. What are the prime factors of r?
2, 3, 379
Let g be 4/28 - (-120)/42. Suppose s = -2*w - 195 + 583, w + 1150 = g*s. What are the prime factors of s?
2, 3
Suppose 12*y = 11*y + 46. Let q = y + -43. List the prime factors of (-50*q)/(-2 + 0).
3, 5
List the prime factors of 43074 + (-30)/(-12) + 18*8/(-32).
2, 673
Suppose -43377 = -i - 4*z + 15204, 0 = 2*i - 5*z - 117175. What are the prime factors of i?
5, 11717
Suppose 7*c + 130 = 9*c. Let s = -71 + c. What are the prime factors of (1946/21)/((-4)/s)?
139
Suppose 2*n + 0*n + 74952 = 11*n. List the prime factors of n.
2, 3, 347
Let u(m) = -34*m + 25. Let j be u(11). Let l = -104 - j. What are the prime factors of l?
5, 7
Let o(k) = -k**3 - 2*k**2 + 10*k - 12. What are the prime factors of o(-13)?
17, 101
Let n(x) = 265*x**2 - 120*x - 609. What are the prime factors of n(-5)?
2, 827
Let y(r) be the first derivative of 5*r**2/2 - 13*r - 97. List the prime factors of y(6).
17
Let i(y) = 1294*y**3 - 18*y**2 + 11*y. What are the prime factors of i(2)?
2, 3, 17, 101
Let z be (-9684)/(-36) - (-2)/1. Suppose 5*q - 390 = -o + 5*o, 3*q = -5*o + z. List the prime factors of q.
2, 41
Let y(w) = -w**3 - 6*w**2 - 17*w - 33. Let p be y(-4). Suppose -2492 = -5*v - 2*g, 4*v + 5*g - 1994 = p*g. What are the prime factors of v?
2, 3, 83
Suppose 76 = 12*k - 20. Let w(v) = -1 + v - 3*v**2 - k*v**2 + 12*v**2 + 29*v**3. List the prime factors of w(1).
2, 3, 5
Let n(q) be the second derivative of -q**5/20 + 7*q**4/12 + 5*q**3/3 + 13*q**2/2 - 130*q. What are the prime factors of n(8)?
29
What are the prime factors of (2 + 20)*(572 + -31)?
2, 11, 541
Suppose 0*r = -12*r + 3384. Suppose 409 = -5*o + 8*o + 4*t, -2*o + 2*t + r = 0. List the prime factors of o.
139
Let x(m) be the first derivative of 15*m**3 + m**2 - 4*m + 3. What are the prime factors of x(2)?
2, 3, 5
Let i(m) = -2*m + 80. Let b be i(34). Suppose 0 = -b*k - 51*k + 35280. List the prime factors of k.
2, 5, 7
Let l = -10 + 17. Suppose l*w - 1499 + 358 = 0. List the prime factors of w.
163
Suppose -6 = n + 30. Let b be (-3)/(-6)*-2 + 63 + 0. Let i = n + b. What are the prime factors of i?
2, 13
Let u be (0 - (-12)/15)/((-21)/105). List the prime factors of 869 - u - (0 - (2 - 0)).
5, 7
Suppose 0 = -2*d + v + 145, 12 = -14*v + 10*v. Suppose 2181 = d*f - 68*f. List the prime factors of f.
727
Let l(d) = -75*d**3 - 2*d**2 + 1. Let x be l(1). Let j be (-3)/15*10/4*x. Suppose 35*t = j*t - 384. List the prime factors of t.
2
Let s(k) = k**2 + 27*k + 47. Let o be s(-25). Let y(n) = n**2 + 5*n + 4. Let h be y(o). List the prime factors of (2 - 12/(-8)) + h/(-4).
2
Let s(j) = 3 - 1 + 8 + 9. Let f(n) = n - 38. Let q(h) = -6*f(h) - 13*s(h). What are the prime factors of q(-7)?
23
Suppose -638994 + 2210232 = 81*f. What are the prime factors of f?
2, 3, 53, 61
Let w(t) = 38*t**2 - 132*t + 334. What are the prime factors of w(-35)?
2, 3, 29, 37
Suppose s + 3485 = 4*l - 2830, 0 = 3*l + 4*s - 4760. What are the prime factors of l?
2, 5, 79
Let p = -16423 - -29709. What are the prime factors of p?
2, 7, 13, 73
Let w be (-1 - (-55)/10)/((-6)/(-4)). Let f be (w - 412/8) + 6/(-4). Let b = f - -68. List the prime factors of b.
2, 3
Let o(p) be the second derivative of 7/3*p**3 - 45*p + 0 - 6*p**2. What are the prime factors of o(4)?
2, 11
Let h(i) = -14*i